{"id":6446,"date":"2025-04-08T13:18:07","date_gmt":"2025-04-08T13:18:07","guid":{"rendered":"https:\/\/razva.com\/edu\/?page_id=6446"},"modified":"2025-04-08T17:32:02","modified_gmt":"2025-04-08T17:32:02","slug":"conditions-generales-utilisation","status":"publish","type":"page","link":"https:\/\/razva.com\/edu\/conditions-generales-utilisation\/","title":{"rendered":"Conditions G\u00e9n\u00e9rales d\u2019Utilisation (CGU) \u2013 Institut Razva"},"content":{"rendered":"\n\t<section class=\"section\" id=\"section_1874231128\">\n\t\t<div class=\"section-bg fill\" >\n\t\t\t<img loading=\"lazy\" decoding=\"async\" width=\"500\" height=\"500\" src=\"https:\/\/razva.com\/edu\/wp-content\/uploads\/2024\/09\/Cours-Islam-En-Ligne-Certifies.webp\" class=\"bg attachment- size-\" alt=\"cours d&#039;islam en ligne\" \/>\t\t\t\t\t\t<div class=\"section-bg-overlay absolute fill\"><\/div>\n\t\t\t\n\n\t\t<\/div>\n\n\t\t\n\n\t\t<div class=\"section-content relative\">\n\t\t\t\n\t\t<\/div>\n\n\t\t\n<style>\n#section_1874231128 {\n  padding-top: 43px;\n  padding-bottom: 43px;\n}\n#section_1874231128 .section-bg-overlay {\n  background-color: rgba(0, 0, 0, 0.291);\n}\n#section_1874231128 .section-bg img {\n  object-position: 0% 100%;\n}\n@media (min-width:550px) {\n  #section_1874231128 {\n    padding-top: 70px;\n    padding-bottom: 70px;\n  }\n}\n@media (min-width:850px) {\n  #section_1874231128 {\n    padding-top: 108px;\n    padding-bottom: 108px;\n  }\n}\n<\/style>\n\t<\/section>\n\t\n<div class=\"row\"  id=\"row-693595902\">\n\n\t<div id=\"col-1593921430\" class=\"col medium-4 small-12 large-4\"  >\n\t\t\t\t<div class=\"col-inner\"  >\n\t\t\t\n\t\t\t\n\t<div id=\"text-2461753309\" class=\"text\">\n\t\t\n<h1 data-pm-slice=\"1 1 &#091;&#093;\">Conditions G\u00e9n\u00e9rales d\u2019Utilisation (CGU) \u2013 Institut Razva<\/h1>\n\t\t\n<style>\n#text-2461753309 {\n  font-size: 1.75rem;\n}\n@media (min-width:850px) {\n  #text-2461753309 {\n    font-size: 1.1rem;\n  }\n}\n<\/style>\n\t<\/div>\n\t\n<a href=\"https:\/\/razva.com\/edu\/a-propos\/\" class=\"button secondary is-link\" >\n\t\t<span>\u00c0 propos de l'Institut Razva<\/span>\n\t<i class=\"icon-angle-right\" aria-hidden=\"true\"><\/i><\/a>\n\n\t\t<\/div>\n\t\t\t\t\t<\/div>\n\n\t\n\n\t<div id=\"col-422175082\" class=\"col medium-8 small-12 large-8\"  >\n\t\t\t\t<div class=\"col-inner\"  >\n\t\t\t\n\t\t\t\n<div class=\"row row-collapse\"  id=\"row-1916939924\">\n\n\t<div id=\"col-1940643506\" class=\"col medium-1 small-2 large-1\"  >\n\t\t\t\t<div class=\"col-inner\"  >\n\t\t\t\n\t\t\t\n<h2>01<\/h2>\n\t\t<\/div>\n\t\t\t\t\t<\/div>\n\n\t\n\n\t<div id=\"col-1952375551\" class=\"col medium-11 small-10 large-11\"  >\n\t\t\t\t<div class=\"col-inner\"  >\n\t\t\t\n\t\t\t\n<h2 data-pm-slice=\"1 1 &#091;&#093;\">Introduction<\/h2>\n<p data-pm-slice=\"1 1 &#091;&#093;\">Les pr\u00e9sentes Conditions G\u00e9n\u00e9rales d\u2019Utilisation (CGU) r\u00e9gissent l\u2019acc\u00e8s et l\u2019usage de la plateforme \u00e9ducative en ligne de <strong>l\u2019Institut Islamique Razva<\/strong>.<br data-start=\"454\" data-end=\"457\" \/>En acc\u00e9dant au site et en suivant les cours propos\u00e9s, l\u2019utilisateur accepte sans r\u00e9serve les dispositions suivantes, dans le respect des principes \u00e9thiques et religieux de l\u2019Institut.<\/p>\n\t\t<\/div>\n\t\t\t\t\t<\/div>\n\n\t\n<\/div>\n<div class=\"is-divider divider clearfix\" style=\"margin-top:10px;margin-bottom:10px;max-width:100%;height:1px;\"><\/div>\n<div class=\"row row-collapse\"  id=\"row-70793431\">\n\n\t<div id=\"col-229679261\" class=\"col medium-1 small-2 large-1\"  >\n\t\t\t\t<div class=\"col-inner\"  >\n\t\t\t\n\t\t\t\n<h2>02<\/h2>\n\t\t<\/div>\n\t\t\t\t\t<\/div>\n\n\t\n\n\t<div id=\"col-1956685973\" class=\"col medium-11 small-10 large-11\"  >\n\t\t\t\t<div class=\"col-inner\"  >\n\t\t\t\n\t\t\t\n<h2 data-pm-slice=\"1 1 &#091;&#093;\">Acc\u00e8s aux cours et espace personnel<\/h2>\n<p class=\"\" data-start=\"688\" data-end=\"942\">L\u2019inscription \u00e0 un cours donne acc\u00e8s \u00e0 son contenu uniquement \u00e0 l\u2019utilisateur enregistr\u00e9.<br data-start=\"777\" data-end=\"780\" \/>L\u2019acc\u00e8s est personnel, nominatif et non transf\u00e9rable.<br data-start=\"833\" data-end=\"836\" \/>Chaque cours inclut des vid\u00e9os, des supports \u00e9crits, des examens et un espace d\u2019\u00e9change avec l\u2019enseignant.<\/p>\n<p class=\"\" data-start=\"944\" data-end=\"1071\">\u26a0\ufe0f <strong data-start=\"947\" data-end=\"1071\">Le partage de compte avec d\u2019autres personnes est strictement interdit, aussi bien d\u2019un point de vue l\u00e9gal que religieux.<\/strong><\/p>\n\t\t<\/div>\n\t\t\t\t\t<\/div>\n\n\t\n<\/div>\n<div class=\"is-divider divider clearfix\" style=\"margin-top:10px;margin-bottom:10px;max-width:100%;height:1px;\"><\/div>\n<div class=\"row row-collapse align-middle\"  id=\"row-1660151280\">\n\n\t<div id=\"col-887472339\" class=\"col medium-1 small-2 large-1\"  >\n\t\t\t\t<div class=\"col-inner\"  >\n\t\t\t\n\t\t\t\n<h2>03<\/h2>\n\t\t<\/div>\n\t\t\t\t\t<\/div>\n\n\t\n\n\t<div id=\"col-194479489\" class=\"col medium-11 small-10 large-11\"  >\n\t\t\t\t<div class=\"col-inner\"  >\n\t\t\t\n\t\t\t\n<h2 data-pm-slice=\"1 1 &#091;&#093;\">Dur\u00e9e d\u2019acc\u00e8s<\/h2>\n<p data-pm-slice=\"1 1 &#091;&#093;\">Les cours sont disponibles en ligne pendant une dur\u00e9e d\u00e9termin\u00e9e, pr\u00e9cis\u00e9e au moment de l\u2019achat.<br data-start=\"1193\" data-end=\"1196\" \/>L\u2019utilisateur s\u2019engage \u00e0 suivre le contenu dans ce d\u00e9lai, sans possibilit\u00e9 de t\u00e9l\u00e9chargement.<\/p>\n\t\t<\/div>\n\t\t\t\t\t<\/div>\n\n\t\n<\/div>\n<div class=\"is-divider divider clearfix\" style=\"margin-top:10px;margin-bottom:10px;max-width:100%;height:1px;\"><\/div>\n<div class=\"row row-collapse align-middle\"  id=\"row-1272559905\">\n\n\t<div id=\"col-877702880\" class=\"col medium-1 small-2 large-1\"  >\n\t\t\t\t<div class=\"col-inner\"  >\n\t\t\t\n\t\t\t\n<h2>04<\/h2>\n\t\t<\/div>\n\t\t\t\t\t<\/div>\n\n\t\n\n\t<div id=\"col-2076806249\" class=\"col medium-11 small-10 large-11\"  >\n\t\t\t\t<div class=\"col-inner\"  >\n\t\t\t\n\t\t\t\n<h2 data-pm-slice=\"1 1 &#091;&#093;\">Utilisation \u00e9thique et respectueuse<\/h2>\n<p class=\"\" data-start=\"1337\" data-end=\"1365\">L\u2019utilisateur s\u2019engage \u00e0 :<\/p>\n<ul>\n<li data-start=\"1368\" data-end=\"1441\">Suivre les cours uniquement dans le cadre de l\u2019apprentissage personnel.<\/li>\n<li data-start=\"1444\" data-end=\"1521\">Ne pas extraire, enregistrer, capturer ou partager les vid\u00e9os ou documents.<\/li>\n<li data-start=\"1524\" data-end=\"1601\">Respecter les enseignants et les autres membres dans les espaces d\u2019\u00e9change.<\/li>\n<li data-start=\"1604\" data-end=\"1682\">Agir selon les valeurs islamiques de respect, d\u2019honn\u00eatet\u00e9 et de bienveillance.<\/li>\n<\/ul>\n<p class=\"\" data-start=\"1684\" data-end=\"1881\">\ud83d\udccc <strong data-start=\"1687\" data-end=\"1881\">Tout comportement contraire \u00e0 l\u2019\u00e9thique, toute tentative de contournement des r\u00e8gles d\u2019acc\u00e8s ou de copie du contenu pourra entra\u00eener la suspension imm\u00e9diate et sans remboursement de l\u2019acc\u00e8s.<\/strong><\/p>\n\t\t<\/div>\n\t\t\t\t\t<\/div>\n\n\t\n<\/div>\n<div class=\"is-divider divider clearfix\" style=\"margin-top:10px;margin-bottom:10px;max-width:100%;height:1px;\"><\/div>\n<div class=\"row row-collapse align-middle\"  id=\"row-917146473\">\n\n\t<div id=\"col-1556833826\" class=\"col medium-1 small-2 large-1\"  >\n\t\t\t\t<div class=\"col-inner\"  >\n\t\t\t\n\t\t\t\n<h2>05<\/h2>\n\t\t<\/div>\n\t\t\t\t\t<\/div>\n\n\t\n\n\t<div id=\"col-502592512\" class=\"col medium-11 small-10 large-11\"  >\n\t\t\t\t<div class=\"col-inner\"  >\n\t\t\t\n\t\t\t\n<h2 data-pm-slice=\"1 1 &#091;&#093;\">Propri\u00e9t\u00e9 intellectuelle et droits d\u2019auteur<\/h2>\n<ul>\n<li data-pm-slice=\"1 1 &#091;&#093;\">Tous les contenus propos\u00e9s sur <strong>la plateforme Razva<\/strong> (vid\u00e9os, textes, supports PDF, examens) sont prot\u00e9g\u00e9s par le droit d\u2019auteur.<\/li>\n<li data-pm-slice=\"1 1 &#091;&#093;\">Toute reproduction, diffusion, modification ou commercialisation sans autorisation \u00e9crite pr\u00e9alable est interdite et constitue une infraction.<\/li>\n<\/ul>\n\t\t<\/div>\n\t\t\t\t\t<\/div>\n\n\t\n<\/div>\n<div class=\"is-divider divider clearfix\" style=\"margin-top:10px;margin-bottom:10px;max-width:100%;height:1px;\"><\/div>\n<div class=\"row row-collapse align-middle\"  id=\"row-937812868\">\n\n\t<div id=\"col-1121051188\" class=\"col medium-1 small-2 large-1\"  >\n\t\t\t\t<div class=\"col-inner\"  >\n\t\t\t\n\t\t\t\n<h2>06<\/h2>\n\t\t<\/div>\n\t\t\t\t\t<\/div>\n\n\t\n\n\t<div id=\"col-1781261752\" class=\"col medium-11 small-10 large-11\"  >\n\t\t\t\t<div class=\"col-inner\"  >\n\t\t\t\n\t\t\t\n<h2 data-pm-slice=\"1 1 &#091;&#093;\">Confidentialit\u00e9 et donn\u00e9es personnelles<\/h2>\n<p>L\u2019utilisateur est inform\u00e9 que certaines donn\u00e9es personnelles (nom, email, historique des cours suivis) sont collect\u00e9es uniquement dans le but de fournir le service p\u00e9dagogique et d\u2019\u00e9mettre les attestations de fin de formation.<br data-start=\"2487\" data-end=\"2490\" \/>Ces donn\u00e9es sont trait\u00e9es conform\u00e9ment \u00e0 notre <strong><a class=\"cursor-pointer\" href=\"https:\/\/razva.com\/edu\/politique-de-confidentialite\/\" target=\"_new\" rel=\"noopener\" data-start=\"2537\" data-end=\"2617\">Politique de Confidentialit\u00e9<\/a><\/strong>.<\/p>\n\t\t<\/div>\n\t\t\t\t\t<\/div>\n\n\t\n<\/div>\n<div class=\"is-divider divider clearfix\" style=\"margin-top:10px;margin-bottom:10px;max-width:100%;height:1px;\"><\/div>\n<div class=\"row row-collapse align-middle\"  id=\"row-2054163696\">\n\n\t<div id=\"col-163952644\" class=\"col medium-1 small-2 large-1\"  >\n\t\t\t\t<div class=\"col-inner\"  >\n\t\t\t\n\t\t\t\n<h2>07<\/h2>\n\t\t<\/div>\n\t\t\t\t\t<\/div>\n\n\t\n\n\t<div id=\"col-119356482\" class=\"col medium-11 small-10 large-11\"  >\n\t\t\t\t<div class=\"col-inner\"  >\n\t\t\t\n\t\t\t\n<h2 data-pm-slice=\"1 1 &#091;&#093;\">Attestation de fin de formation<\/h2>\n<p>Une attestation officielle de suivi est d\u00e9livr\u00e9e uniquement si l\u2019utilisateur a visionn\u00e9 l\u2019ensemble des cours et satisfait aux \u00e9ventuelles \u00e9valuations pr\u00e9vues.<\/p>\n\t\t<\/div>\n\t\t\t\t\t<\/div>\n\n\t\n<\/div>\n<div class=\"is-divider divider clearfix\" style=\"margin-top:10px;margin-bottom:10px;max-width:100%;height:1px;\"><\/div>\n<div class=\"row row-collapse align-middle\"  id=\"row-1238971709\">\n\n\t<div id=\"col-1360300898\" class=\"col medium-1 small-2 large-1\"  >\n\t\t\t\t<div class=\"col-inner\"  >\n\t\t\t\n\t\t\t\n<h2>08<\/h2>\n\t\t<\/div>\n\t\t\t\t\t<\/div>\n\n\t\n\n\t<div id=\"col-1297919836\" class=\"col medium-11 small-10 large-11\"  >\n\t\t\t\t<div class=\"col-inner\"  >\n\t\t\t\n\t\t\t\n<h2 data-pm-slice=\"1 1 &#091;&#093;\">Responsabilit\u00e9s<\/h2>\n<ul>\n<li data-start=\"2848\" data-end=\"3133\">L\u2019Institut Razva s\u2019efforce de garantir la qualit\u00e9 de ses contenus et le bon fonctionnement de la plateforme.<\/li>\n<li data-start=\"2848\" data-end=\"3133\">Cependant, nous ne saurions \u00eatre tenus responsables des interruptions temporaires dues \u00e0 des raisons techniques ind\u00e9pendantes de notre volont\u00e9 (maintenance, h\u00e9bergeur, etc.).<\/li>\n<\/ul>\n\t\t<\/div>\n\t\t\t\t\t<\/div>\n\n\t\n<\/div>\n<div class=\"is-divider divider clearfix\" style=\"margin-top:10px;margin-bottom:10px;max-width:100%;height:1px;\"><\/div>\n<div class=\"row row-collapse align-middle\"  id=\"row-440388736\">\n\n\t<div id=\"col-417386976\" class=\"col medium-1 small-2 large-1\"  >\n\t\t\t\t<div class=\"col-inner\"  >\n\t\t\t\n\t\t\t\n<h2>09<\/h2>\n\t\t<\/div>\n\t\t\t\t\t<\/div>\n\n\t\n\n\t<div id=\"col-1200719556\" class=\"col medium-11 small-10 large-11\"  >\n\t\t\t\t<div class=\"col-inner\"  >\n\t\t\t\n\t\t\t\n<h2 data-pm-slice=\"1 1 &#091;&#093;\">Modifications des CGU<\/h2>\n<ul>\n<li>L\u2019Institut Razva se r\u00e9serve le droit de modifier \u00e0 tout moment les pr\u00e9sentes conditions.<\/li>\n<li>La version applicable est celle en vigueur \u00e0 la date de l\u2019acc\u00e8s au service.<\/li>\n<\/ul>\n\t\t<\/div>\n\t\t\t\t\t<\/div>\n\n\t\n<\/div>\n<div class=\"is-divider divider clearfix\" style=\"margin-top:10px;margin-bottom:10px;max-width:100%;height:1px;\"><\/div>\n\t\t<\/div>\n\t\t\t\t\t<\/div>\n\n\t\n\n<style>\n#row-693595902 > .col > .col-inner {\n  padding: 0px 0px 0px 0px;\n}\n@media (min-width:550px) {\n  #row-693595902 > .col > .col-inner {\n    padding: 40px 0px 40px 0px;\n  }\n}\n<\/style>\n<\/div>\n","protected":false},"excerpt":{"rendered":"","protected":false},"author":1,"featured_media":6504,"parent":0,"menu_order":0,"comment_status":"closed","ping_status":"closed","template":"","meta":{"footnotes":""},"class_list":["post-6446","page","type-page","status-publish","has-post-thumbnail","hentry"],"yoast_head":"<!-- This site is optimized with the Yoast SEO plugin v27.3 - https:\/\/yoast.com\/product\/yoast-seo-wordpress\/ -->\n<title>Conditions G\u00e9n\u00e9rales d\u2019Utilisation (CGU) \u2013 Institut Razva - Razva<\/title>\n<meta name=\"description\" content=\"Consultez les conditions d\u2019utilisation de la plateforme \u00e9ducative islamique Razva : acc\u00e8s aux cours, respect des droits d\u2019auteur, usage personnel des comptes et cadre \u00e9thique.\" \/>\n<meta name=\"robots\" content=\"index, follow, max-snippet:-1, max-image-preview:large, max-video-preview:-1\" \/>\n<link rel=\"canonical\" href=\"https:\/\/razva.com\/edu\/conditions-generales-utilisation\/\" \/>\n<meta property=\"og:locale\" content=\"fr_FR\" \/>\n<meta property=\"og:type\" content=\"article\" \/>\n<meta property=\"og:title\" content=\"Conditions G\u00e9n\u00e9rales d\u2019Utilisation (CGU) \u2013 Institut Razva - Razva\" \/>\n<meta property=\"og:description\" content=\"Consultez les conditions d\u2019utilisation de la plateforme \u00e9ducative islamique Razva : acc\u00e8s aux cours, respect des droits d\u2019auteur, usage personnel des comptes et cadre \u00e9thique.\" \/>\n<meta property=\"og:url\" content=\"https:\/\/razva.com\/edu\/conditions-generales-utilisation\/\" \/>\n<meta property=\"og:site_name\" content=\"Razva\" \/>\n<meta property=\"article:modified_time\" content=\"2025-04-08T17:32:02+00:00\" \/>\n<meta property=\"og:image\" content=\"https:\/\/razva.com\/edu\/wp-content\/uploads\/2025\/04\/conditions-utilisation-formation-islamique-razva.jpg\" \/>\n\t<meta property=\"og:image:width\" content=\"1920\" \/>\n\t<meta property=\"og:image:height\" content=\"1080\" \/>\n\t<meta property=\"og:image:type\" content=\"image\/jpeg\" \/>\n<meta name=\"twitter:card\" content=\"summary_large_image\" \/>\n<meta name=\"twitter:label1\" content=\"Dur\u00e9e de lecture estim\u00e9e\" \/>\n\t<meta name=\"twitter:data1\" content=\"4 minutes\" \/>\n<script type=\"application\/ld+json\" class=\"yoast-schema-graph\">{\"@context\":\"https:\\\/\\\/schema.org\",\"@graph\":[{\"@type\":\"WebPage\",\"@id\":\"https:\\\/\\\/razva.com\\\/edu\\\/conditions-generales-utilisation\\\/\",\"url\":\"https:\\\/\\\/razva.com\\\/edu\\\/conditions-generales-utilisation\\\/\",\"name\":\"Conditions G\u00e9n\u00e9rales d\u2019Utilisation (CGU) \u2013 Institut Razva - Razva\",\"isPartOf\":{\"@id\":\"https:\\\/\\\/razva.com\\\/edu\\\/#website\"},\"primaryImageOfPage\":{\"@id\":\"https:\\\/\\\/razva.com\\\/edu\\\/conditions-generales-utilisation\\\/#primaryimage\"},\"image\":{\"@id\":\"https:\\\/\\\/razva.com\\\/edu\\\/conditions-generales-utilisation\\\/#primaryimage\"},\"thumbnailUrl\":\"https:\\\/\\\/razva.com\\\/edu\\\/wp-content\\\/uploads\\\/2025\\\/04\\\/conditions-utilisation-formation-islamique-razva.jpg\",\"datePublished\":\"2025-04-08T13:18:07+00:00\",\"dateModified\":\"2025-04-08T17:32:02+00:00\",\"description\":\"Consultez les conditions d\u2019utilisation de la plateforme \u00e9ducative islamique Razva : acc\u00e8s aux cours, respect des droits d\u2019auteur, usage personnel des comptes et cadre \u00e9thique.\",\"breadcrumb\":{\"@id\":\"https:\\\/\\\/razva.com\\\/edu\\\/conditions-generales-utilisation\\\/#breadcrumb\"},\"inLanguage\":\"fr-FR\",\"potentialAction\":[{\"@type\":\"ReadAction\",\"target\":[\"https:\\\/\\\/razva.com\\\/edu\\\/conditions-generales-utilisation\\\/\"]}]},{\"@type\":\"ImageObject\",\"inLanguage\":\"fr-FR\",\"@id\":\"https:\\\/\\\/razva.com\\\/edu\\\/conditions-generales-utilisation\\\/#primaryimage\",\"url\":\"https:\\\/\\\/razva.com\\\/edu\\\/wp-content\\\/uploads\\\/2025\\\/04\\\/conditions-utilisation-formation-islamique-razva.jpg\",\"contentUrl\":\"https:\\\/\\\/razva.com\\\/edu\\\/wp-content\\\/uploads\\\/2025\\\/04\\\/conditions-utilisation-formation-islamique-razva.jpg\",\"width\":1920,\"height\":1080,\"caption\":\"conditions-utilisation-formation-islamique-razva\"},{\"@type\":\"BreadcrumbList\",\"@id\":\"https:\\\/\\\/razva.com\\\/edu\\\/conditions-generales-utilisation\\\/#breadcrumb\",\"itemListElement\":[{\"@type\":\"ListItem\",\"position\":1,\"name\":\"Institut islamique\",\"item\":\"https:\\\/\\\/razva.com\\\/edu\\\/\"},{\"@type\":\"ListItem\",\"position\":2,\"name\":\"Conditions G\u00e9n\u00e9rales d\u2019Utilisation (CGU) \u2013 Institut Razva\"}]},{\"@type\":\"WebSite\",\"@id\":\"https:\\\/\\\/razva.com\\\/edu\\\/#website\",\"url\":\"https:\\\/\\\/razva.com\\\/edu\\\/\",\"name\":\"Razva\",\"description\":\"Institut Islamique en ligne\",\"potentialAction\":[{\"@type\":\"SearchAction\",\"target\":{\"@type\":\"EntryPoint\",\"urlTemplate\":\"https:\\\/\\\/razva.com\\\/edu\\\/?s={search_term_string}\"},\"query-input\":{\"@type\":\"PropertyValueSpecification\",\"valueRequired\":true,\"valueName\":\"search_term_string\"}}],\"inLanguage\":\"fr-FR\"}]}<\/script>\n<!-- \/ Yoast SEO plugin. -->","yoast_head_json":{"title":"Conditions G\u00e9n\u00e9rales d\u2019Utilisation (CGU) \u2013 Institut Razva - Razva","description":"Consultez les conditions d\u2019utilisation de la plateforme \u00e9ducative islamique Razva : acc\u00e8s aux cours, respect des droits d\u2019auteur, usage personnel des comptes et cadre \u00e9thique.","robots":{"index":"index","follow":"follow","max-snippet":"max-snippet:-1","max-image-preview":"max-image-preview:large","max-video-preview":"max-video-preview:-1"},"canonical":"https:\/\/razva.com\/edu\/conditions-generales-utilisation\/","og_locale":"fr_FR","og_type":"article","og_title":"Conditions G\u00e9n\u00e9rales d\u2019Utilisation (CGU) \u2013 Institut Razva - Razva","og_description":"Consultez les conditions d\u2019utilisation de la plateforme \u00e9ducative islamique Razva : acc\u00e8s aux cours, respect des droits d\u2019auteur, usage personnel des comptes et cadre \u00e9thique.","og_url":"https:\/\/razva.com\/edu\/conditions-generales-utilisation\/","og_site_name":"Razva","article_modified_time":"2025-04-08T17:32:02+00:00","og_image":[{"width":1920,"height":1080,"url":"https:\/\/razva.com\/edu\/wp-content\/uploads\/2025\/04\/conditions-utilisation-formation-islamique-razva.jpg","type":"image\/jpeg"}],"twitter_card":"summary_large_image","twitter_misc":{"Dur\u00e9e de lecture estim\u00e9e":"4 minutes"},"schema":{"@context":"https:\/\/schema.org","@graph":[{"@type":"WebPage","@id":"https:\/\/razva.com\/edu\/conditions-generales-utilisation\/","url":"https:\/\/razva.com\/edu\/conditions-generales-utilisation\/","name":"Conditions G\u00e9n\u00e9rales d\u2019Utilisation (CGU) \u2013 Institut Razva - Razva","isPartOf":{"@id":"https:\/\/razva.com\/edu\/#website"},"primaryImageOfPage":{"@id":"https:\/\/razva.com\/edu\/conditions-generales-utilisation\/#primaryimage"},"image":{"@id":"https:\/\/razva.com\/edu\/conditions-generales-utilisation\/#primaryimage"},"thumbnailUrl":"https:\/\/razva.com\/edu\/wp-content\/uploads\/2025\/04\/conditions-utilisation-formation-islamique-razva.jpg","datePublished":"2025-04-08T13:18:07+00:00","dateModified":"2025-04-08T17:32:02+00:00","description":"Consultez les conditions d\u2019utilisation de la plateforme \u00e9ducative islamique Razva : acc\u00e8s aux cours, respect des droits d\u2019auteur, usage personnel des comptes et cadre \u00e9thique.","breadcrumb":{"@id":"https:\/\/razva.com\/edu\/conditions-generales-utilisation\/#breadcrumb"},"inLanguage":"fr-FR","potentialAction":[{"@type":"ReadAction","target":["https:\/\/razva.com\/edu\/conditions-generales-utilisation\/"]}]},{"@type":"ImageObject","inLanguage":"fr-FR","@id":"https:\/\/razva.com\/edu\/conditions-generales-utilisation\/#primaryimage","url":"https:\/\/razva.com\/edu\/wp-content\/uploads\/2025\/04\/conditions-utilisation-formation-islamique-razva.jpg","contentUrl":"https:\/\/razva.com\/edu\/wp-content\/uploads\/2025\/04\/conditions-utilisation-formation-islamique-razva.jpg","width":1920,"height":1080,"caption":"conditions-utilisation-formation-islamique-razva"},{"@type":"BreadcrumbList","@id":"https:\/\/razva.com\/edu\/conditions-generales-utilisation\/#breadcrumb","itemListElement":[{"@type":"ListItem","position":1,"name":"Institut islamique","item":"https:\/\/razva.com\/edu\/"},{"@type":"ListItem","position":2,"name":"Conditions G\u00e9n\u00e9rales d\u2019Utilisation (CGU) \u2013 Institut Razva"}]},{"@type":"WebSite","@id":"https:\/\/razva.com\/edu\/#website","url":"https:\/\/razva.com\/edu\/","name":"Razva","description":"Institut Islamique en ligne","potentialAction":[{"@type":"SearchAction","target":{"@type":"EntryPoint","urlTemplate":"https:\/\/razva.com\/edu\/?s={search_term_string}"},"query-input":{"@type":"PropertyValueSpecification","valueRequired":true,"valueName":"search_term_string"}}],"inLanguage":"fr-FR"}]}},"_links":{"self":[{"href":"https:\/\/razva.com\/edu\/wp-json\/wp\/v2\/pages\/6446","targetHints":{"allow":["GET"]}}],"collection":[{"href":"https:\/\/razva.com\/edu\/wp-json\/wp\/v2\/pages"}],"about":[{"href":"https:\/\/razva.com\/edu\/wp-json\/wp\/v2\/types\/page"}],"author":[{"embeddable":true,"href":"https:\/\/razva.com\/edu\/wp-json\/wp\/v2\/users\/1"}],"replies":[{"embeddable":true,"href":"https:\/\/razva.com\/edu\/wp-json\/wp\/v2\/comments?post=6446"}],"version-history":[{"count":7,"href":"https:\/\/razva.com\/edu\/wp-json\/wp\/v2\/pages\/6446\/revisions"}],"predecessor-version":[{"id":6524,"href":"https:\/\/razva.com\/edu\/wp-json\/wp\/v2\/pages\/6446\/revisions\/6524"}],"wp:featuredmedia":[{"embeddable":true,"href":"https:\/\/razva.com\/edu\/wp-json\/wp\/v2\/media\/6504"}],"wp:attachment":[{"href":"https:\/\/razva.com\/edu\/wp-json\/wp\/v2\/media?parent=6446"}],"curies":[{"name":"wp","href":"https:\/\/api.w.org\/{rel}","templated":true}]}}